 the greatest common divisor of 72 and 27.
9
Calculate the greatest common factor of 87 and 19749.
87
What is the greatest common factor of 648 and 516?
12
Calculate the highest common factor of 306 and 272.
34
What is the highest common divisor of 24 and 64?
8
What is the highest common divisor of 35 and 90265?
35
Calculate the greatest common factor of 140 and 910.
70
Calculate the highest common divisor of 75 and 33.
3
Calculate the highest common divisor of 450 and 135.
45
Calculate the highest common factor of 26 and 702.
26
Calculate the greatest common divisor of 62163 and 9.
9
Calculate the greatest common divisor of 2750 and 110.
110
What is the greatest common divisor of 30 and 375?
15
Calculate the highest common factor of 58188 and 156.
156
Calculate the highest common factor of 376 and 8.
8
What is the highest common factor of 25 and 565?
5
Calculate the highest common divisor of 1472 and 506.
46
Calculate the greatest common divisor of 6123 and 78.
39
Calculate the greatest common divisor of 28 and 98.
14
Calculate the greatest common divisor of 32 and 272.
16
What is the greatest common divisor of 1 and 521?
1
Calculate the greatest common divisor of 432 and 2214.
54
What is the greatest common factor of 180 and 192?
12
Calculate the highest common divisor of 170 and 187.
17
Calculate the greatest common divisor of 35 and 10.
5
What is the highest common factor of 76 and 39672?
76
Calculate the highest common divisor of 12 and 412.
4
What is the greatest common factor of 90 and 486?
18
What is the highest common factor of 11 and 15917?
11
What is the highest common divisor of 6 and 906?
6
What is the highest common divisor of 14 and 119?
7
Calculate the highest common divisor of 21470 and 190.
190
What is the highest common divisor of 1856 and 29?
29
Calculate the greatest common divisor of 300 and 2025.
75
What is the highest common factor of 62 and 2573?
31
Calculate the highest common factor of 1576 and 4137.
197
What is the highest common divisor of 720 and 15?
15
Calculate the greatest common divisor of 2184 and 78.
78
What is the greatest common divisor of 31 and 31?
31
What is the highest common factor of 17 and 1088?
17
What is the greatest common factor of 4 and 326?
2
What is the greatest common factor of 6751 and 43?
43
Calculate the highest common factor of 338 and 390.
26
Calculate the greatest common divisor of 49 and 119.
7
Calculate the highest common divisor of 1885 and 580.
145
What is the greatest common divisor of 2074 and 1220?
122
What is the highest common factor of 5 and 4?
1
Calculate the highest common divisor of 2562 and 126.
42
What is the greatest common divisor of 152 and 2014?
38
Calculate the greatest common divisor of 204 and 969.
51
Calculate the highest common divisor of 22 and 352.
22
Calculate the greatest common factor of 945 and 3.
3
Calculate the greatest common divisor of 10 and 245.
5
What is the greatest common divisor of 26 and 780?
26
What is the highest common divisor of 3 and 13?
1
What is the highest common factor of 348 and 228?
12
Calculate the highest common divisor of 388 and 2.
2
What is the greatest common factor of 44 and 5126?
22
Calculate the highest common divisor of 200 and 8.
8
Calculate the highest common divisor of 16 and 216.
8
What is the highest common factor of 65 and 403?
13
What is the highest common factor of 10 and 1015?
5
What is the highest common factor of 71 and 497?
71
Calculate the highest common divisor of 63 and 4830.
21
What is the highest common factor of 78 and 663?
39
Calculate the greatest common factor of 138065 and 265.
265
Calculate the highest common factor of 210 and 70.
70
What is the highest common divisor of 40 and 20?
20
What is the highest common factor of 70 and 105?
35
Calculate the highest common factor of 4085 and 645.
215
Calculate the highest common divisor of 2288 and 240.
16
What is the greatest common factor of 308 and 132?
44
What is the greatest common factor of 36 and 279?
9
Calculate the highest common factor of 1078 and 88.
22
What is the highest common divisor of 320 and 60?
20
What is the highest common divisor of 184 and 598?
46
What is the highest common factor of 70 and 28?
14
What is the greatest common factor of 170 and 374?
34
What is the highest common divisor of 38 and 285?
19
Calculate the highest common divisor of 20 and 35.
5
What is the greatest common factor of 1426 and 1581?
31
What is the greatest common divisor of 1625 and 3875?
125
What is the highest common factor of 112 and 42?
14
Calculate the greatest common divisor of 351 and 27.
27
Calculate the highest common divisor of 295 and 118.
59
What is the highest common divisor of 468 and 247?
13
What is the highest common divisor of 382 and 20437?
191
Calculate the highest common divisor of 4324 and 184.
92
What is the greatest common factor of 66 and 99?
33
What is the highest common factor of 7 and 5?
1
Calculate the highest common divisor of 731 and 51.
17
What is the greatest common divisor of 759 and 69?
69
Calculate the highest common factor of 140 and 1995.
35
What is the highest common divisor of 6765 and 1155?
165
Calculate the highest common divisor of 27 and 1107.
27
What is the highest common factor of 177 and 15517?
59
Calculate the greatest common divisor of 77 and 1967.
7
What is the greatest common factor of 21 and 147?
21
What is the greatest common factor of 476 and 52?
4
Calculate the highest common factor of 165 and 1410.
15
Calculate the greatest common divisor of 136 and 6324.
68
Calculate the greatest common divisor of 2 and 5.
1
What is the highest common factor of 13 and 17173?
13
What is the highest common factor of 4188 and 12?
12
What is the highest common divisor of 39 and 19721?
13
What is the highest common factor of 3366 and 765?
153
What is the highest common divisor of 265 and 742?
53
Calculate the greatest common factor of 208 and 16.
16
What is the greatest common factor of 6900 and 414?
138
What is the greatest common factor of 2 and 468?
2
Calculate the greatest common factor of 143 and 143.
143
Calculate the greatest common factor of 16 and 272.
16
Calculate the greatest common divisor of 50 and 4225.
25
What is the greatest common factor of 2277 and 33?
33
Calculate the greatest common divisor of 128 and 112.
16
What is the greatest common factor of 4699 and 37?
37
What is the greatest common factor of 5992 and 224?
56
Calculate the greatest common divisor of 47 and 1.
1
What is the greatest common divisor of 3 and 3?
3
What is the greatest common divisor of 38 and 27?
1
What is the greatest common divisor of 34 and 918?
34
Calculate the greatest common divisor of 14 and 9002.
14
What is the highest common divisor of 112 and 10472?
56
Calculate the greatest common factor of 303 and 75.
3
Calculate the greatest common factor of 282 and 18.
6
What is the greatest common divisor of 1700 and 17?
17
What is the greatest common factor of 5500 and 440?
220
What is the highest common divisor of 378 and 14?
14
What is the greatest common factor of 2680 and 320?
40
What is the highest common divisor of 676 and 52?
52
Calculate the highest common divisor of 189 and 729.
27
What is the highest common divisor of 95 and 1786?
19
What is the highest common factor of 160 and 4?
4
What is the greatest common divisor of 86 and 2322?
86
What is the highest common divisor of 18 and 117?
9
What is the highest common divisor of 180 and 20?
20
What is the highest common factor of 38 and 1121?
19
What is the highest common divisor of 2 and 1018?
2
Calculate the highest common divisor of 249 and 3.
3
Calculate the greatest common divisor of 15246 and 63.
63
What is the greatest common factor of 43 and 1?
1
What is the highest common divisor of 111 and 24?
3
Calculate the greatest common divisor of 1007 and 646.
19
Calculate the greatest common factor of 208 and 143.
13
Calculate the highest common factor of 321 and 2.
1
Calculate the greatest common divisor of 28 and 196.
28
Calculate the greatest common divisor of 1509 and 3.
3
Calculate the greatest common divisor of 75 and 15.
15
Calculate the greatest common divisor of 650 and 790.
10
What is the highest common factor of 16589 and 159?
53
What is the highest common factor of 1421 a